{"id":546,"date":"2026-04-02T11:18:56","date_gmt":"2026-04-02T09:18:56","guid":{"rendered":"https:\/\/kgv-fortschritt-liebertwolkwitz.de\/?page_id=546"},"modified":"2026-04-02T11:18:56","modified_gmt":"2026-04-02T09:18:56","slug":"546-2","status":"publish","type":"page","link":"https:\/\/kgv-fortschritt-liebertwolkwitz.de\/index.php\/546-2\/","title":{"rendered":""},"content":{"rendered":"\n<h2>Entlastung des Vorstands f\u00fcr das Gesch\u00e4ftsjahr 2025 mit Beschlussfassung durch den 1. Vorsitzenden.<\/h2>\n\n\n\n<pre class=\"wp-block-code\"><code><ul style=\"PADDING-LEFT: 12px\">\n&nbsp;<li>Die Revisorin Frau Kr\u00e4mer hat in Ihrem Bericht unter TOP 5 in der Mitgliederversammlung die Empfehlung gegeben, den Vorstand f\u00fcr den Zeitraum Januar 2025 bis zum Juli 2025 die Entlastung zu erteilen <strong>Dies wurde durch die anwesenden Mitglieder mit der erforderlichen Mehrheit beschlossen.<\/strong><\/li>\n&nbsp;<li>Die Revisorin Frau Kr\u00e4mer hat in Ihrem Bericht unter TOP 5 in der Mitgliederversammlung die Empfehlung gegeben, den Vorstand f\u00fcr den Zeitraum August 2025 bis zum Dezember 2025 die Entlastung zu erteilen. <strong>Dies wurde durch die anwesenden Mitglieder mit der erforderlichen Mehrheit beschlossen.<\/strong><\/li>\n&nbsp;<li>Die Revisorin Frau Kr\u00e4mer hat in Ihrem Bericht unter TOP 5 in der Mitgliederversammlung die Empfehlung gegeben, den Vorstand f\u00fcr den Zeitraum August 2025 bis zum Dezember 2025 die Entlastung zu erteilen. <strong>Dies wurde durch die anwesenden Mitglieder mit der erforderlichen Mehrheit beschlossen.<\/strong><\/li><\/ul><\/code><\/pre>\n<h2><em><u>Allgemeine Informationen:<\/u><\/em><\/h2>\n<p>\n\n\n<p><\/p>\n<p><\/p>\n\n\n<\/p>\n<pre class=\"wp-block-code\"><code><ul style=\"PADDING-LEFT: 12px\">\n&nbsp;<li>Der Freistellungsbescheid vom Finanzamt f\u00fcr die Jahre 2022 bis 2024 liegt dem Vorstand vor.<\/li>\n&nbsp;<li>Der Kreisverband teilte im Jahr 2025 die Pacht eventuell zu erh\u00f6hen. Die Empfehlung vom Kreisverband die Pachtdifferenz schon von den Mitgliedern einzuziehen. Im November 2025 waren wir als Vorstand zur j\u00e4hrlichen Mitgliederversammlung des Kreisverbandes. Dort wurde mitgeteilt dass die Pacht nicht erh\u00f6ht wird, sondern erst ab 2027, wie hoch die genaue Anpassung sein wird k\u00f6nnen wir als Vorstand noch nicht sagen. N\u00e4here Informationen dazu werden folgen.<\/li>\n&nbsp;<li>Der Kreisverband hat sich mit der Dialog Versicherung zusammengesetzt und einige Erneuerungen zur Rahmenversicherung ertstellt, das heist das Beitrag f\u00fcr die Regeldeckung ab dem 01.01.2026 pro Garten\/ Parzelle j\u00e4hrlich 44,00 \u20ac betr\u00e4gt. Die nachberechnung wird in der Jahresabrechnung 2026\/2027 erfolgen.<\/li>\n&nbsp;<li>Neuerungen sind:\n\n<ul>\n\n<p><\/p>\n<li>Einbruchdiebstahl<\/li>\n<p>\n\n<\/p>\n<p>\n\n<\/p>\n<li>Glasbruch<\/li>\n<p>\n\n<\/p>\n<p>\n\n<\/p>\n<li>Elementarsch\u00e4den wie Feuer, Sturm und Hagel wird ab 01.01.2026 erg\u00e4nzt durch \u00dcberschwemmung, R\u00fcckstau, Erdbeben, Erdrutsch, Schneedruck, Lawinen oder Vulkanausbruch.<\/li>\n<p>\n\n<\/p>\n<p>\n\n<\/p>\n<li>Vandalismus<\/li>\n<p>\n\n<\/p>\n<p>\n\n<\/p>\n<li>Beraubung<\/li>\n<p>\n\n<\/p>\n<p>\n\n<\/p>\n<li>seit dem 17.06.2025 \u00c4nderung der Aufr\u00e4umungs- und Abbruchkosten<\/li>\n<p>\n\n<\/p>\n<p>\n\n<\/p>\n<li>ab dem 01.01.2026: Sch\u00e4den durch Waschb\u00e4ren und Wildschweine<\/li>\n<p>\n\n<\/p>\n<p>\n\n<\/p>\n<li>Sengsch\u00e4den<\/li>\n<p>\n\n<\/p>\n<p>\n\n<\/p>\n<li>Rauch-und Ru\u00dfsch\u00e4den<\/li>\n<p>\n\n<\/p>\n<p>\n\n<\/p>\n<li>Anlagen erneuerbare Energie<\/li>\n<p>\n\n<\/p><\/ul>\n<p>\n\n<\/p><\/li>\n<p>\n\n\n<p><\/p>\n<p><\/p>\n\n\n<\/p>\n&nbsp;<li>Das zugeh\u00f6rige Merkblatt, steht dem Vorstand noch nicht Zurverf\u00fcgungstellung. Sobald wir dieses haben wird es eine Mitteilung in dem Schaukasten und Homepage gestellt. Sollte ein Mitglied kein Interesse an der Rahmversicherung haben, muss er sich bitte beim Vorstand melden.<\/li>\n&nbsp;<li>Der Email Verteiler ist sehr gut angenommen wurden. Er wird auch wieterhin gef\u00fchrt.<\/li>\n&nbsp;<li>2 Mitglieder f\u00fcr das Ablesen der Z\u00e4hlerst\u00e4nde am 17.10.2026 und am 24.10.2026 gesucht werden. Interessierte Mitglieder k\u00f6nnen sich gerne beim Vorstand melden.<\/li>\n&nbsp;<li>Frau B\u00e4r in ihrer Funktion als Beisitzer zu behalten.<\/li>\n&nbsp;<li>Der Vorstand erhielt einen Brief von der Stadt Leipzig bez\u00fcglich Beschwerden der Streuobstwiese oberhalb des Vereines. Wir bitten alle Mitglieder ausdr\u00fccklich daraufhin dass auf dieser Streuobstwiese weder ablegen von Unrat, das entsorgen von M\u00fcllabf\u00e4llen, das Parken oder m\u00e4hen verboten ist da diese Streuobstwiese der Satdt Leipzig geh\u00f6rt.<\/li>\n&nbsp;<li>Ein Fairteiler in der ehemaligen Vogelvoliere soll enstehen. In diesem Fairteiler soll Obst, Gartenger\u00e4te, ein B\u00fccherschrank angeboten werden. Das alles was man nicht mehr braucht aber f\u00fcr jeden anderen vielleicht noch zugebrauchen ist. Also keine Kaputten sachen. Eine umsetzung einer Whattsapp Gruppe wird in angriff genommen. Wietere Informationen werden bekannt gegeben.<\/li>\n&nbsp;<li>Bitte beachtet die Ruhezeiten, auch in der Woche da aufgefallen ist dass immer wieder \u00fcbertriebene laute Gespr\u00e4che oder zu laute Musik stattfinden.<\/li>\n<\/ul><\/code><\/pre>\n","protected":false},"excerpt":{"rendered":"<p>Entlastung des Vorstands f\u00fcr das Gesch\u00e4ftsjahr 2025 mit Beschlussfassung durch den 1. Vorsitzenden. &nbsp;Die Revisorin Frau Kr\u00e4mer hat in Ihrem Bericht unter TOP 5 in der Mitgliederversammlung die Empfehlung gegeben, den Vorstand f\u00fcr den Zeitraum Januar 2025 bis zum Juli 2025 die Entlastung zu erteilen Dies wurde durch die anwesenden Mitglieder mit der erforderlichen Mehrheit [&hellip;]<\/p>\n","protected":false},"author":1,"featured_media":0,"parent":0,"menu_order":0,"comment_status":"closed","ping_status":"closed","template":"","meta":{"_bbp_topic_count":0,"_bbp_reply_count":0,"_bbp_total_topic_count":0,"_bbp_total_reply_count":0,"_bbp_voice_count":0,"_bbp_anonymous_reply_count":0,"_bbp_topic_count_hidden":0,"_bbp_reply_count_hidden":0,"_bbp_forum_subforum_count":0},"_links":{"self":[{"href":"https:\/\/kgv-fortschritt-liebertwolkwitz.de\/index.php\/wp-json\/wp\/v2\/pages\/546"}],"collection":[{"href":"https:\/\/kgv-fortschritt-liebertwolkwitz.de\/index.php\/wp-json\/wp\/v2\/pages"}],"about":[{"href":"https:\/\/kgv-fortschritt-liebertwolkwitz.de\/index.php\/wp-json\/wp\/v2\/types\/page"}],"author":[{"embeddable":true,"href":"https:\/\/kgv-fortschritt-liebertwolkwitz.de\/index.php\/wp-json\/wp\/v2\/users\/1"}],"replies":[{"embeddable":true,"href":"https:\/\/kgv-fortschritt-liebertwolkwitz.de\/index.php\/wp-json\/wp\/v2\/comments?post=546"}],"version-history":[{"count":2,"href":"https:\/\/kgv-fortschritt-liebertwolkwitz.de\/index.php\/wp-json\/wp\/v2\/pages\/546\/revisions"}],"predecessor-version":[{"id":548,"href":"https:\/\/kgv-fortschritt-liebertwolkwitz.de\/index.php\/wp-json\/wp\/v2\/pages\/546\/revisions\/548"}],"wp:attachment":[{"href":"https:\/\/kgv-fortschritt-liebertwolkwitz.de\/index.php\/wp-json\/wp\/v2\/media?parent=546"}],"curies":[{"name":"wp","href":"https:\/\/api.w.org\/{rel}","templated":true}]}}

<h2>Entlastung des Vorstands für das Geschäftsjahr 2025 mit Beschlussfassung durch den 1. Vorsitzenden.</h2>



<pre class="wp-block-code"><code><ul style="PADDING-LEFT: 12px">
&nbsp;<li>Die Revisorin Frau Krämer hat in Ihrem Bericht unter TOP 5 in der Mitgliederversammlung die Empfehlung gegeben, den Vorstand für den Zeitraum Januar 2025 bis zum Juli 2025 die Entlastung zu erteilen <strong>Dies wurde durch die anwesenden Mitglieder mit der erforderlichen Mehrheit beschlossen.</strong></li>
&nbsp;<li>Die Revisorin Frau Krämer hat in Ihrem Bericht unter TOP 5 in der Mitgliederversammlung die Empfehlung gegeben, den Vorstand für den Zeitraum August 2025 bis zum Dezember 2025 die Entlastung zu erteilen. <strong>Dies wurde durch die anwesenden Mitglieder mit der erforderlichen Mehrheit beschlossen.</strong></li>
&nbsp;<li>Die Revisorin Frau Krämer hat in Ihrem Bericht unter TOP 5 in der Mitgliederversammlung die Empfehlung gegeben, den Vorstand für den Zeitraum August 2025 bis zum Dezember 2025 die Entlastung zu erteilen. <strong>Dies wurde durch die anwesenden Mitglieder mit der erforderlichen Mehrheit beschlossen.</strong></li></ul></code></pre>
<h2><em><u>Allgemeine Informationen:</u></em></h2>
<p>


<p></p>
<p></p>


</p>
<pre class="wp-block-code"><code><ul style="PADDING-LEFT: 12px">
&nbsp;<li>Der Freistellungsbescheid vom Finanzamt für die Jahre 2022 bis 2024 liegt dem Vorstand vor.</li>
&nbsp;<li>Der Kreisverband teilte im Jahr 2025 die Pacht eventuell zu erhöhen. Die Empfehlung vom Kreisverband die Pachtdifferenz schon von den Mitgliedern einzuziehen. Im November 2025 waren wir als Vorstand zur jährlichen Mitgliederversammlung des Kreisverbandes. Dort wurde mitgeteilt dass die Pacht nicht erhöht wird, sondern erst ab 2027, wie hoch die genaue Anpassung sein wird können wir als Vorstand noch nicht sagen. Nähere Informationen dazu werden folgen.</li>
&nbsp;<li>Der Kreisverband hat sich mit der Dialog Versicherung zusammengesetzt und einige Erneuerungen zur Rahmenversicherung ertstellt, das heist das Beitrag für die Regeldeckung ab dem 01.01.2026 pro Garten/ Parzelle jährlich 44,00 € beträgt. Die nachberechnung wird in der Jahresabrechnung 2026/2027 erfolgen.</li>
&nbsp;<li>Neuerungen sind:

<ul>

<p></p>
<li>Einbruchdiebstahl</li>
<p>

</p>
<p>

</p>
<li>Glasbruch</li>
<p>

</p>
<p>

</p>
<li>Elementarschäden wie Feuer, Sturm und Hagel wird ab 01.01.2026 ergänzt durch Überschwemmung, Rückstau, Erdbeben, Erdrutsch, Schneedruck, Lawinen oder Vulkanausbruch.</li>
<p>

</p>
<p>

</p>
<li>Vandalismus</li>
<p>

</p>
<p>

</p>
<li>Beraubung</li>
<p>

</p>
<p>

</p>
<li>seit dem 17.06.2025 Änderung der Aufräumungs- und Abbruchkosten</li>
<p>

</p>
<p>

</p>
<li>ab dem 01.01.2026: Schäden durch Waschbären und Wildschweine</li>
<p>

</p>
<p>

</p>
<li>Sengschäden</li>
<p>

</p>
<p>

</p>
<li>Rauch-und Rußschäden</li>
<p>

</p>
<p>

</p>
<li>Anlagen erneuerbare Energie</li>
<p>

</p></ul>
<p>

</p></li>
<p>


<p></p>
<p></p>


</p>
&nbsp;<li>Das zugehörige Merkblatt, steht dem Vorstand noch nicht Zurverfügungstellung. Sobald wir dieses haben wird es eine Mitteilung in dem Schaukasten und Homepage gestellt. Sollte ein Mitglied kein Interesse an der Rahmversicherung haben, muss er sich bitte beim Vorstand melden.</li>
&nbsp;<li>Der Email Verteiler ist sehr gut angenommen wurden. Er wird auch wieterhin geführt.</li>
&nbsp;<li>2 Mitglieder für das Ablesen der Zählerstände am 17.10.2026 und am 24.10.2026 gesucht werden. Interessierte Mitglieder können sich gerne beim Vorstand melden.</li>
&nbsp;<li>Frau Bär in ihrer Funktion als Beisitzer zu behalten.</li>
&nbsp;<li>Der Vorstand erhielt einen Brief von der Stadt Leipzig bezüglich Beschwerden der Streuobstwiese oberhalb des Vereines. Wir bitten alle Mitglieder ausdrücklich daraufhin dass auf dieser Streuobstwiese weder ablegen von Unrat, das entsorgen von Müllabfällen, das Parken oder mähen verboten ist da diese Streuobstwiese der Satdt Leipzig gehört.</li>
&nbsp;<li>Ein Fairteiler in der ehemaligen Vogelvoliere soll enstehen. In diesem Fairteiler soll Obst, Gartengeräte, ein Bücherschrank angeboten werden. Das alles was man nicht mehr braucht aber für jeden anderen vielleicht noch zugebrauchen ist. Also keine Kaputten sachen. Eine umsetzung einer Whattsapp Gruppe wird in angriff genommen. Wietere Informationen werden bekannt gegeben.</li>
&nbsp;<li>Bitte beachtet die Ruhezeiten, auch in der Woche da aufgefallen ist dass immer wieder übertriebene laute Gespräche oder zu laute Musik stattfinden.</li>
</ul></code></pre>

<p>Entlastung des Vorstands für das Geschäftsjahr 2025 mit Beschlussfassung durch den 1. Vorsitzenden. &nbsp;Die Revisorin Frau Krämer hat in Ihrem Bericht unter TOP 5 in der Mitgliederversammlung die Empfehlung gegeben, den Vorstand für den Zeitraum Januar 2025 bis zum Juli 2025 die Entlastung zu erteilen Dies wurde durch die anwesenden Mitglieder mit der erforderlichen Mehrheit [&hellip;]</p>
